+ 1. Let v be r(-2). Let y be 11*v + (-7 - -10). What is the greatest common factor of 35 and y?
7
Let h = 1 - -2. Suppose h = -m - 0. Let p be 1/((-3)/30)*m. What is the greatest common divisor of 45 and p?
15
Let n(q) = -q + 11. Let g = -19 - -27. Let c be n(g). Suppose -4*v + 5 = -c. Calculate the highest common factor of v and 4.
2
Let s = 14 - 10. Calculate the greatest common factor of s and 16.
4
Let a be -2 + (-1)/3*-3. Let c = 7 + a. What is the highest common factor of c and 9?
3
Suppose 5*x - 147 = -2*x. Calculate the greatest common divisor of x and 63.
21
Suppose b - 6*b = -10. Suppose 2*a - 4 = 0, 0*v + b*a = 3*v + 1. Let q be 2 + 2*6 + v. What is the highest common factor of 45 and q?
15
Suppose 0 = -f + 2 - 0. Let v(a) = -a**3 - 2*a - 1. Let i be v(-3). Suppose 3*l + i = 7*l. Calculate the highest common divisor of l and f.
2
Let c(u) = -118*u + 2. Let r be c(-1). Calculate the greatest common factor of r and 15.
15
Suppose -i - 3*i + 18 = 3*y, 3*i - 5*y = 28. Calculate the greatest common divisor of i and 12.
6
Let l = 113 + -48. Let w = 54 + -101. Let b = -21 - w. Calculate the greatest common factor of l and b.
13
Let r(a) = -39*a - 6. Let g be r(-5). What is the greatest common factor of g and 21?
21
Suppose -4*d = d - 650. Suppose 4*t - d = 30. What is the highest common divisor of 16 and t?
8
Let z be ((-4)/(-12))/(2/114). What is the highest common factor of 152 and z?
19
Let p be (10/(-3))/(4/(-12)). What is the greatest common factor of p and 110?
10
Let f(q) = q + 13. Let v be f(16). What is the greatest common divisor of 58 and v?
29
Let h be (-9)/(-2)*8/3. Calculate the greatest common divisor of h and 12.
12
Let h(j) = -3*j + 1. Let g be (-297)/36 + 1/4. Let l be h(g). What is the highest common factor of 100 and l?
25
Suppose 1052 + 334 = 6*a. Suppose 0 = 4*l - 7*l + a. What is the highest common divisor of l and 11?
11
Let w = 27 + -18. Let s be (-65)/(-25) - (-2)/5. Suppose -s*q - q = -36. Calculate the greatest common divisor of w and q.
9
Let o = 17 + -6. Calculate the highest common factor of o and 88.
11
Suppose 3*s - 351 = 546. Calculate the greatest common divisor of s and 13.
13
Let o be (-6)/(-27) + (-2)/9. Suppose 65 = -o*w + w. Calculate the highest common divisor of w and 26.
13
Let l be (-1)/(-2) + 414/12. Calculate the greatest common divisor of 5 and l.
5
Let l(h) = 2*h**2 - 6*h - 7. Suppose 15 + 5 = 4*t. Suppose -t + 0 = -w. Let s be l(w). What is the highest common factor of 143 and s?
13
Let z(p) = 5*p - 5. Let w be z(4). Let l be 222/w + (-1)/(-5). What is the highest common factor of l and 6?
3
Let m be 1918/7 - (0 + -1 - -5). What is the greatest common divisor of 10 and m?
10
Let n(y) = 11*y**2 + 2*y - 4. Let t be n(4). Calculate the greatest common divisor of 20 and t.
20
Suppose 3*r - 158 = -u, -3*r + 3*u = -0*u - 174. What is the highest common divisor of r and 6?
6
Let u(z) = z**3 - 9*z**2 + 8*z + 7. Let d be u(8). Calculate the highest common divisor of d and 28.
7
Let i(h) = h**3 + 18*h**2 - 19*h + 2. Let n be i(-19). What is the greatest common factor of n and 4?
2
Let a(t) = -t**2 + 16*t - 5. Let m be a(15). Let u = 18 - m. Let i(l) = -l - 6. Let c be i(-7). Calculate the highest common factor of c and u.
1
Let u(r) = 3*r**2 - r + 1. Suppose s + 5*t - 26 = 0, 3*s = -0*s - t + 8. Let g be u(s). Let q be 0 + 36/g + -1. What is the highest common factor of 11 and q?
11
Let i(p) = -14*p**3 - 5*p**2 - 3*p + 3. Let y be i(-3). Suppose 5*k = y + 45. What is the greatest common factor of 52 and k?
26
Suppose -3*y - 2*y - 3*h + 88 = 0, -4*y + 3*h + 92 = 0. What is the greatest common divisor of 20 and y?
20
Let a = -9 - -50. Let u = -26 + a. What is the highest common factor of u and 5?
5
Let c = -3 - -6. Suppose 2*w - c*y + 12 = 0, -w - 2 = 3*w + 5*y. Let s be 5/(w/(-3)*1). What is the greatest common factor of 25 and s?
5
Let a(c) = -2*c**3 - 5*c**2 - 2*c + 2. Let v be a(-3). Let y = 6 + -10. Let d be y*(179/(-4) + -2). What is the highest common divisor of v and d?
17
Let n be (10/(-4))/(-5)*4. Let t(i) = i**3 - 7*i**2 + 8*i - 6. Let b be t(5). Let l be (n/(-4))/(4/b). What is the greatest common factor of l and 2?
2
Let q(l) = -l**3 + 7*l**2 - l - 13. Let r be q(6). Calculate the greatest common factor of 85 and r.
17
Let f(q) = 3*q**2 + 2*q - 2. Let s be f(-2). Suppose 3*j - 18 = s. What is the highest common factor of j and 64?
8
Suppose -4*z + f = -14, -5*z - 4 + 18 = -3*f. What is the highest common factor of 44 and z?
4
Let m(a) = 2*a + 3. Let s be m(6). What is the highest common factor of 20 and s?
5
Suppose -5*g + 414 = -166. What is the greatest common factor of 58 and g?
58
Let s(w) = w**2 + 5*w. Let x be s(-7). Suppose 5*z - x = 36. Calculate the greatest common factor of z and 20.
10
Suppose 52 = 13*s - 338. What is the highest common divisor of s and 10?
10
Let g be 1/(-2)*8/(-4). Let d(f) = 2*f - 8. Let m be d(8). Calculate the greatest common factor of g and m.
1
Suppose 3*m = 4*i + 35 - 84, -m + 1 = 0. Suppose 973 = 5*t + 323. What is the greatest common divisor of t and i?
13
Let s be ((-76)/(-20) - (-4)/(-5)) + 18. Suppose 2*y = -5*d + 42, -5 = 4*y + 4*d - 89. Calculate the greatest common factor of y and s.
21
Let g be 9/6 + 117/6. Let p(n) = n**2 - n - 1. Let q be p(5). Suppose k + 14 = 2*u, -4*u - 3*k + q = -9. Calculate the greatest common divisor of g and u.
7
Suppose k = -4*m + 10, 4*m = -2*k + 12 - 4. Let x(w) = -w**3 - w + 0*w**3 + 2*w**3 + 6 - 5*w**2. Let y be x(5). Calculate the greatest common factor of y and m.
1
Suppose 3*n = -4*x + 340, -n + 5*x = 2*n - 331. What is the greatest common factor of n and 7?
7
Let v = 1 + -20. Let c = 9 + v. Let y be 45/(-2)*8/c. What is the greatest common factor of y and 18?
18
Suppose 0 = 2*p + c - 795, -4*p - 3*c = -7*p + 1179. Suppose 0*w = 4*w - p. What is the highest common divisor of w and 9?
9
Suppose -4*y + 33 + 15 = 0. Suppose -3*v = -2*v. Suppose v*r = -2*w - r + 24, r = 2*w - 24. Calculate the greatest common divisor of y and w.
12
Suppose l - 24 = n, 2*l + n = 11 + 31. Calculate the greatest common divisor of l and 110.
22
Let r = -40 - -85. Let x = 253 + 51. Let w be x/10 + (-6)/15. Calculate the highest common factor of w and r.
15
Let h = 5 - -3. Suppose -2*t + 6 + h = 0. Let r(b) = 6*b**2 - b. Let c be r(-1). Calculate the highest common divisor of t and c.
7
Let n be ((-5)/(-3))/((-1)/3). Let i be ((-3)/5)/(1/n). Let o be 4/i*1*60. What is the greatest common divisor of o and 10?
10
Let f be (-3)/(-6*(-1)/(-8)). Calculate the greatest common divisor of 20 and f.
4
Let c(u) = 2*u - 3. Let l be c(2). Let w(x) = 6*x - 2. Let k be w(1). Calculate the highest common divisor of k and l.
1
Suppose -3*m + v = 27, -3*v - v = 3*m + 27. Let h be 3/(-2)*30/m. Let d be 372/15 - 1/(-5). What is the greatest common divisor of d and h?
5
Let z = 85 + -51. What is the highest common factor of 51 and z?
17
Let o be 1/(1/24) - 0. Let h be (19 + -4)*(-16)/(-10). Calculate the greatest common divisor of o and h.
24
Suppose -2*l = 0, -l + 2*l - 65 = -5*n. Let m = n + -8. Calculate the greatest common factor of m and 20.
5
Let t be (10/12)/(2/12). Suppose -1 - 39 = -2*v. What is the highest common divisor of t and v?
5
Let v be (-2)/((-2)/4*1). Suppose -v*z = -32 - 0. What is the highest common factor of 32 and z?
8
Let l be (-5)/(-2)*30/15. Suppose 18 = c + l. Suppose -3*a + h + 152 = 0, 3*a + 0*a - 160 = -h. Calculate the greatest common divisor of c and a.
13
Let h(z) = 5*z**2 + 11*z - 10. Let n be h(-4). What is the highest common factor of n and 52?
26
Suppose -3*y + 0 = -9, -5*y + 26 = j. Suppose -4*v + 5*s = -16, -3*v - s + 20 + j = 0. Calculate the greatest common factor of v and 36.
9
Let h(y) = y + 78. Let p be h(-6). What is the greatest common factor of 24 and p?
24
Let d = 12 - 5. Suppose -2*w + 2 = -2*z - 4, -w = -3*z - 3. Suppose -5*h + d*h - 14 = z. What is the highest common divisor of h and 63?
7
Let l be ((-12)/9)/(8/(-96)). What is the greatest common divisor of 48 and l?
16
Let l = 65 + -37. Let z be (l/(-3))/(2/(-30)). Calculate the highest common divisor of z and 20.
20
Suppose -5*b + 3*b + 8 = 0. Suppose 0 = -4*q + 2*z + 136, -b*z = -6*z + 4. What is the greatest common factor of 7 and q?
7
Suppose 44 +